of 1757376570?
1
What is the hundred millions digit of 122268534?
1
What is the hundred millions digit of 1417543523?
4
What is the tens digit of 272300015?
1
What is the tens digit of 58655020?
2
What is the ten thousands digit of 28699845?
9
What is the tens digit of 2599117981?
8
What is the hundreds digit of 697180274?
2
What is the hundred thousands digit of 53071889?
0
What is the units digit of 35261779?
9
What is the hundred millions digit of 881952147?
8
What is the ten thousands digit of 455637086?
3
What is the units digit of 21053492?
2
What is the ten thousands digit of 144570798?
7
What is the thousands digit of 469346207?
6
What is the millions digit of 1621469244?
1
What is the hundred thousands digit of 412710415?
7
What is the tens digit of 214469474?
7
What is the ten thousands digit of 71773290?
7
What is the thousands digit of 539642776?
2
What is the tens digit of 227897077?
7
What is the ten millions digit of 87563519?
8
What is the ten millions digit of 113804643?
1
What is the ten thousands digit of 196532030?
3
What is the billions digit of 1084399056?
1
What is the millions digit of 77460504?
7
What is the millions digit of 64020297?
4
What is the ten thousands digit of 920448206?
4
What is the hundred millions digit of 124215669?
1
What is the tens digit of 203504314?
1
What is the ten thousands digit of 79212955?
1
What is the hundreds digit of 1168133641?
6
What is the units digit of 2002573112?
2
What is the billions digit of 2544881847?
2
What is the hundred thousands digit of 238158793?
1
What is the hundred thousands digit of 2891607?
8
What is the tens digit of 204343627?
2
What is the hundred thousands digit of 21925266?
9
What is the hundred millions digit of 1501461123?
5
What is the ten thousands digit of 1255075?
5
What is the ten thousands digit of 101780374?
8
What is the ten thousands digit of 4872858301?
5
What is the hundreds digit of 571221?
2
What is the thousands digit of 5009426018?
6
What is the hundred thousands digit of 86441255?
4
What is the ten millions digit of 364497423?
6
What is the ten millions digit of 11802119?
1
What is the hundred millions digit of 4906256986?
9
What is the ten thousands digit of 2256928114?
2
What is the tens digit of 1533510349?
4
What is the units digit of 3173022523?
3
What is the hundred thousands digit of 27615120?
6
What is the ten thousands digit of 213028638?
2
What is the thousands digit of 2311975113?
5
What is the millions digit of 1389664412?
9
What is the ten millions digit of 80941722?
8
What is the hundred thousands digit of 5785588081?
5
What is the ten millions digit of 1080465849?
8
What is the ten millions digit of 5259180350?
5
What is the ten millions digit of 1308734664?
0
What is the hundred millions digit of 790247027?
7
What is the thousands digit of 1788771562?
1
What is the tens digit of 2261716671?
7
What is the hundred millions digit of 560591809?
5
What is the tens digit of 948796910?
1
What is the thousands digit of 377245384?
5
What is the millions digit of 121174807?
1
What is the millions digit of 2617758454?
7
What is the ten millions digit of 41026559?
4
What is the hundred millions digit of 582158534?
5
What is the thousands digit of 33982702?
2
What is the units digit of 537207277?
7
What is the tens digit of 3159195903?
0
What is the tens digit of 1633677307?
0
What is the tens digit of 387307730?
3
What is the hundreds digit of 70887079?
0
What is the millions digit of 3826393331?
6
What is the hundreds digit of 244268242?
2
What is the thousands digit of 68159544?
9
What is the millions digit of 51872427?
1
What is the thousands digit of 5572100738?
0
What is the tens digit of 2540053054?
5
What is the hundred thousands digit of 2317152772?
1
What is the units digit of 471411182?
2
What is the hundreds digit of 243764582?
5
What is the tens digit of 2020443111?
1
What is the thousands digit of 16231599?
1
What is the hundred thousands digit of 249228658?
2
What is the ten thousands digit of 125252626?
5
What is the thousands digit of 233762741?
2
What is the hundred thousands digit of 2446753093?
7
What is the thousands digit of 37225138?
5
What is the ten millions digit of 23270425?
2
What is the hundred millions digit of 4709820894?
7
What is the tens digit of 18760957?
5
What is the hundreds digit of 197143000?
0
What is the hundred thousands digit of 761426219?
4
What is the units digit of 219398178?
8
What is the ten thousands digit of 381078693?
7
What is the millions digit of 62259046?
2
What is the tens digit of 79520260?
6
What is the ten thousands digit of 414249165?
4
What is the ten millions digit of 212332301?
1
What is the thousands digit of 275371911?
1
What is the millions digit of 108419105?
8
What is the millions digit of 6415475751?
5
What is the units digit of 3277330305?
5
What is the tens digit of 254041442?
4
What is the hundreds digit of 24924484?
4
What is the ten millions digit of 4866650441?
6
What is the ten thousands digit of 576994411?
9
What is the hundred millions digit of 183234969?
1
What is the ten millions digit of 113472391?
1
What is the ten thousands digit of 576034909?
3
What is the tens digit of 7756941?
4
What is the hundred millions digit of 224798222?
2
What is the hundreds digit of 56889512?
5
What is the hundred thousands digit of 1089722887?
7
What is the hundred thousands digit of 777045349?
0
What is the ten thousands digit of 64616828?
1
What is the units digit of 169769971?
1
What is the ten millions digit of 86707872?
8
What is the hundreds digit of 145168684?
6
What is the hundred thousands digit of 53493594?
4
What is the units digit of 3537575665?
5
What is the units digit of 3979487124?
4
What is the units digit of 1204889294?
4
What is the millions digit of 530419448?
0
What is the hundreds digit of 64189243?
2
What is the millions digit of 3559347087?
9
What is the units digit of 1724054?
4
What is the ten millions digit of 194539632?
9
What is the thousands digit of 1313058345?
8
What is the thousands digit of 1014374132?
4
What is the units digit of 330262726?
6
What is the ten thousands digit of 367243549?
4
What is the ten thousands digit of 152019602?
1
What is the millions digit of 53060562?
3
What is the ten millions digit of 36905657?
3
What is the units digit of 79050490?
0
What is the ten millions digit of 208297420?
0
What is the millions digit of 35416526?
5
What is the ten thousands digit of 25573682?
7
What is the hundreds digit of 665119455?
4
What is the hundred thousands digit of 16736523?
7
What is the thousands digit of 4197907572?
7
What is the units digit of 151589425?
5
What is the millions digit of 55751527?
5
What is the units digit of 772650964?
4
What is the ten millions digit of 606880380?
0
What is the hundreds digit of 104406311?
3
What is the billions digit of 1222125325?
1
What is the millions digit of 47438320?
7
What is the ten thousands digit of 84259106?
5
What is the hundreds digit of 326628784?
7
What is the units digit of 238630464?
4
What is the hundred millions digit of 2263199380?
2
What is the thousands digit of 57503174?
3
What is the hundred thousands digit of 61986520?
9
What is the millions digit of 75517941?
5
What is the units digit of 113081006?
6
What is the hundred millions digit of 530240845?
5
What is the hundred millions digit of 879111383?
8
What is the hundred thousands digit of 1081221002?
2
What is the hundred thousands digit of 18111968?
1
What is the ten thousands digit of 5123536?
2
What is the tens digit of 269374222?
2
What is the tens digit of 1886781646?
4
What is the thousands digit of 1641822117?
2
What is the ten millions digit of 24708701?
2
What is the units digit of 64203755?
5
What is the hundreds digit of 317636912?
9
What is the millions digit of 1135156350?
5
What is the hundred millions digit of 467881671?
4
What is the hundreds digit of 2825007205?
2
What is the thousands digit of 165210389?
0
What is the hundred thousands digit of 328780752?
7
What is the hundred thousands digit of 316326687?
3
What is the hundreds digit of 193549956?
9
What is the hundreds digit of 48662561?
5
What is the thousands digit of 89531408?
1
What is the millions digit of 98606794?
8
What is the hundreds di